y. What is the units digit of w?
6
Let m = -17 - -18. Let l(j) = 31*j**2 + 2*j. What is the tens digit of l(m)?
3
Let a(o) = o**3 + 8*o**2 - 2*o - 12. Let h be a(-8). Let b = 6 - h. Suppose b*d = 5*i - 37, -i - 5*d + 1 = -1. What is the units digit of i?
7
Suppose 0 = -3*z - 13 - 5. Let j be (z/4)/((-1)/2). What is the units digit of 2/(-3) + 29/j?
9
Let i = 3 + 1. What is the units digit of 1 + 34*i/8?
8
Suppose 22 = p - 4*g, 0 = 2*p + 2*p + g - 3. Suppose 2*i + i - 26 = -2*n, -n + 4*i + p = 0. What is the units digit of n?
0
Let u(m) = 10*m**2 + 2*m - 2. What is the units digit of u(-3)?
2
Suppose 2*x - 9 - 13 = 0. Let u = x - -39. Suppose u = 3*t + c, -t + 2*c - 3 = -15. What is the tens digit of t?
1
Let o(p) = 4*p**2 - 2*p + 3 + 4*p + 0*p. Let f be o(3). Suppose -r - f = -6*r. What is the units digit of r?
9
Suppose 2*k = -v + 15, 75 = 5*k - 2*v - 3*v. Suppose -o + k = 4*o. What is the units digit of o?
2
What is the tens digit of (69*1)/((-27)/(-18))?
4
Let s(m) be the first derivative of 7*m**3/3 + m + 2. What is the units digit of s(1)?
8
Let u(c) = -c + 1. Let x(p) = p**3 + 4*p**2 - 16*p - 1. Let l(o) = 6*u(o) - x(o). What is the tens digit of l(-6)?
1
Let p(s) = 3*s**2 - 1. Suppose 5*b - 13 = 12. Suppose -b*j - 3 = 4*v - 16, 0 = v + 4*j - 6. What is the tens digit of p(v)?
1
Suppose -60 = -3*y - 2*d, -4*y + 0*d + 2*d + 80 = 0. Suppose -g = -13 - 16. Let u = g - y. What is the units digit of u?
9
Let s = 11 - -1. What is the tens digit of s?
1
Let w(t) = 3*t + 3. Let i be w(-2). Let y = i - -10. What is the units digit of y?
7
Suppose 5*d - 21 = -4*t + 19, -2*d - 12 = -4*t. What is the units digit of t?
5
Suppose 9 - 3 = 2*i. What is the units digit of (-468)/(-65)*10/i?
4
Let w = 87 - 31. What is the units digit of w?
6
Let v(p) = p**3 - 2*p + 3*p**2 + 4 - 2*p**3 + 3*p**2. Let z be v(6). Let s = z - -15. What is the units digit of s?
7
Let h = -4 + 45. What is the tens digit of h?
4
Suppose 52 = 5*k - 5*m - 123, -k - 5*m + 23 = 0. What is the tens digit of k?
3
Suppose 0 = -11*p + 482 + 365. What is the tens digit of p?
7
Let s be (2/3)/(4/264). Suppose 5*y + 9 = s. What is the units digit of y?
7
Let t(z) = -z**3 - 4*z**2 + 5*z - 7. Suppose 4*o + 9 + 15 = 0. What is the units digit of t(o)?
5
Suppose 0 = -2*y + 14 - 4. Suppose y*m + 7 = 52. What is the units digit of m?
9
Let d = 4 + 1. Suppose 4*h - d*h + 19 = 0. What is the units digit of h?
9
Suppose 2*p - 8 = -4. Suppose 2*o - p*v = -v + 107, 5*o - 270 = 5*v. What is the units digit of o?
3
Let n = 140 + -74. What is the units digit of n?
6
What is the units digit of ((-3)/(-12))/((-3)/(-372))?
1
Let i(c) = -c + 6. What is the units digit of i(-4)?
0
Let t = 104 + -38. What is the units digit of t?
6
Suppose 5*i = -15 + 90. Let f = -25 + -11. What is the units digit of 30*(-2 - f/i)?
2
Let z = 1 - -5. Suppose -17 = -k - 4*y, 3*y = 4*y - 3. Suppose -z = -4*t + 6, 0 = k*d - t - 7. What is the units digit of d?
2
Let m(c) = c. Let s be 8/12 - 34/(-3). Suppose s = 4*b - 0. What is the units digit of m(b)?
3
Let s = -3 + 12. Suppose j = 4*j - s. Let r(u) = u**3 - 2*u**2 - 3*u + 4. What is the units digit of r(j)?
4
Let t(w) = -2*w + 3. Let f be t(6). Suppose -4*j - 4 = 4*b, -5*j + 5*b - 2*b - 37 = 0. Let x = j - f. What is the units digit of x?
4
Let b be 0 + 2/(-1) + -10. Let p be 1/(-6) - 38/b. Suppose 2*n = i - p, -n = 2*i - 3*n - 16. What is the units digit of i?
3
Suppose -y + 251 = -0*y - 4*k, y = -3*k + 230. What is the tens digit of y?
3
Let z = -20 + 21. What is the units digit of z?
1
Suppose 0 = -3*s + 8 + 7. Let d = -4 + s. Let k(l) = 12*l - 1. What is the units digit of k(d)?
1
Suppose -z - 3*f = f + 7, 2*z - f - 4 = 0. Suppose 2*h - 5 + z = 0. Suppose 6*r = 3*r, 0 = w - 3*r - h. What is the units digit of w?
2
Suppose 13*o - 128 = 9*o. What is the tens digit of o?
3
Let f(z) = 22*z**2 - z. Let s be -1 + 2/2 + 1. What is the units digit of f(s)?
1
Suppose f + 17 = 3*f - 3*q, 4*f - 2*q = 14. Suppose 2*u + f - 13 = 0. What is the units digit of u?
6
Let v(s) = -s**3 + 7*s**2 - 8*s + 4. Let l be (-1)/3 + 112/21. Let k be v(l). What is the units digit of k/(-3)*6/(-4)?
7
Let a(o) = -5*o + 5. What is the units digit of a(-6)?
5
Let s = 30 + -21. Suppose -2*i = i - s. Suppose 0 = -4*g + 3*j + 16, 3*g - i = -2*j - 8. What is the units digit of g?
1
Let g be (3 - 4) + 12*2. Let r = g + -37. What is the tens digit of r*((-2 - -4) + -3)?
1
Let v be -5 + 9 - (2 + -1). Suppose z + v = 2*x, 0 = x - 4*x + 12. What is the units digit of z?
5
Let v be ((-4)/(-8))/(2/72). Let x = v - -4. What is the units digit of x?
2
Suppose -3*r = r - 16. Suppose -r*i + 11 = -13. What is the units digit of i?
6
Let h(d) = d - 13. Let g be h(11). What is the units digit of -2 - 12/(g + -1)?
2
Let l = 2 - 6. Let x be (-1)/((-30)/28 - -1). What is the units digit of (12/(-21))/(l/x)?
2
Suppose -5*w - 1 = 19. What is the tens digit of (w/4)/(2/(-38))?
1
Suppose b - 4*s = -7, -s - 39 = b + 3*s. Let k be (-1 + 2 - 0)*b. Let c = -15 - k. What is the units digit of c?
8
Let f be 310/18 + 2/(-9). Let c be f - (-2 + 0 + 0). Suppose -5*s + c = 3*h, 3*h + h + 5*s = 27. What is the units digit of h?
8
Suppose -1 = -5*d + 4. What is the units digit of -4*d*(-39)/12?
3
What is the tens digit of (0 + 1)/((-1)/(-23))?
2
Let l be (0 - 0)/(1*2). Let q be ((-21)/(-6) + 0)*12/14. Suppose l = -4*i + q*v + 53, 2*i - 2 = -2*v + 14. What is the tens digit of i?
1
Let t be (-1 - (-2 + -1)) + 1. Suppose t*h + x - 4 = 0, 4*h - 5*x = -0*x - 1. Let b = h + 6. What is the units digit of b?
7
Let o = 293 + -193. Suppose 9*d - o = 4*d. What is the units digit of d?
0
Suppose 114 = 4*k - 202. What is the units digit of k?
9
Let o(h) = 14*h - 83. What is the hundreds digit of o(21)?
2
Let c(d) = 28*d - 8. What is the hundreds digit of c(10)?
2
Let q(y) = 4 - 8*y + 37*y**2 - 35*y**2 + 0*y. What is the tens digit of q(6)?
2
Let y(j) = j + 7. Let k be y(-4). Suppose -5*m - 20 = 0, -2*p - m = k*m + 4. What is the units digit of p?
6
Suppose 2*x = 3*x + 4*y - 14, 4*y = 4*x + 4. Suppose -a - 5*k = -6, 0*k + 2*k + 24 = x*a. What is the tens digit of a?
1
Let z(o) = -o**2 + o. Let n(x) = x**2 - 5*x. Let y(i) = -n(i) - 3*z(i). Let k be y(3). Suppose -3*s + k = s. What is the units digit of s?
6
Let j = 306 + -211. What is the tens digit of j?
9
Let w be 1 + -3 - (-6)/2. What is the units digit of w - (-3)/(2 - -1)?
2
Suppose 3*n = 4*y + 77, 0 = -y - 2*n + 3 - 25. Let c be (24/y)/(3/(-100)). Suppose 0 = 5*k - 3*k - c. What is the units digit of k?
0
Let l be (-2 + 4)/(1/3). Let s(t) = 5*t - 7. What is the units digit of s(l)?
3
Let x be (-208)/(-36) - (-2)/9. What is the units digit of 69/2 + 9/x?
6
Let s(o) be the first derivative of o**3 + o**2/2 + 2*o + 1. Suppose 2*y = -3*d - 4, 2*d + 0*d + 3 = -y. What is the units digit of s(d)?
2
Let f be 63/(-2) - (-5)/(-10). Let g = 50 + f. What is the units digit of g?
8
Let h be (3/3)/(3/90). Let v = h + 0. What is the tens digit of v?
3
Suppose -5*p = -0*p - 150. Suppose 0 = -j + 3*b - p, 113 = -3*j - 2*b + 12. Let c = j + 46. What is the units digit of c?
3
Let k(q) = 27*q**2 + 2*q - 7. What is the hundreds digit of k(2)?
1
Suppose -2*n - 3*a + 24 = 0, 2*n + 4 = -0*n + 4*a. What is the units digit of n?
6
Let q(j) = 11*j - 13. What is the units digit of q(7)?
4
Let a(k) = -k + 2. Let q be a(-5). Suppose q*u = 5*u + 42. What is the tens digit of u?
2
Let r(z) = -z**3 + 15*z**2 + 28*z. What is the tens digit of r(16)?
9
Let z = -37 + 62. What is the units digit of z?
5
Suppose -3*j = 3*f - 0*f - 213, j - 73 = -2*f. Suppose 3*x + 0*x - j = 0. What is the tens digit of x?
2
Let o(q) = q**3 - 8*q**2 - 9*q + 12. Let h(s) = s**3 + 3*s**2 - 4*s - 3. Let k be h(-3). What is the units digit of o(k)?
2
Let s = 8 + -8. Suppose a - 5*a = -5*c + 31, 5*c + 3*a - 38 = s. What is the units digit of c?
7
Let g(d) = d**2 + 2*d - 4. Let s(q) = q**3 + 8*q**2 + 6*q. Let t be s(-7). What is the units digit of g(t)?
9
Suppose 6 = f - 27. What is the tens digit of f?
3
Let d(b) = b**2 + 9*b - 6. Let o be d(-10). Suppose z = 4*p + 2*z - 28, -2*p = 5*z + o. What is the units digit of p?
8
Suppose -33 = -2*v + 5*d + 11, -5*v - d + 164 = 0. Let q = v + -17. What is the units digit of q?
5
Let p(k) = -5*k - 7. Let j be p(-2